common factor of 396 and 648.
36
What is the highest common divisor of 1190 and 35?
35
What is the highest common factor of 11726 and 82?
82
What is the highest common divisor of 1278 and 36?
18
What is the highest common divisor of 903 and 1032?
129
What is the greatest common divisor of 374 and 170?
34
Calculate the greatest common factor of 36 and 5724.
36
What is the highest common divisor of 936 and 91?
13
What is the greatest common divisor of 1750 and 476?
14
Calculate the highest common divisor of 50 and 595.
5
Calculate the highest common factor of 748 and 88.
44
Calculate the highest common divisor of 13 and 2340.
13
Calculate the greatest common factor of 12 and 732.
12
What is the greatest common factor of 18570 and 30?
30
What is the greatest common factor of 70 and 7100?
10
What is the greatest common divisor of 8024 and 544?
136
What is the highest common divisor of 39 and 2340?
39
Calculate the highest common divisor of 384 and 448.
64
What is the greatest common divisor of 140 and 5?
5
Calculate the greatest common factor of 21 and 11823.
21
Calculate the highest common factor of 15 and 20.
5
What is the highest common factor of 42 and 196?
14
What is the greatest common factor of 78 and 546?
78
Calculate the greatest common factor of 282 and 752.
94
Calculate the greatest common factor of 113 and 8249.
113
What is the highest common factor of 122 and 305?
61
What is the highest common divisor of 2040 and 20?
20
Calculate the highest common divisor of 42 and 2100.
42
What is the highest common divisor of 265 and 106?
53
Calculate the greatest common factor of 1353 and 41.
41
What is the highest common factor of 728 and 39?
13
What is the greatest common factor of 175 and 40?
5
What is the greatest common factor of 16 and 1512?
8
Calculate the highest common divisor of 98 and 931.
49
Calculate the highest common factor of 90 and 882.
18
What is the highest common divisor of 184 and 4393?
23
Calculate the highest common divisor of 88 and 110.
22
What is the greatest common divisor of 17 and 1207?
17
Calculate the greatest common divisor of 693 and 264.
33
What is the highest common factor of 567 and 609?
21
Calculate the greatest common divisor of 464 and 144.
16
What is the greatest common divisor of 8 and 6260?
4
Calculate the highest common factor of 58 and 2.
2
What is the greatest common divisor of 545 and 327?
109
Calculate the highest common factor of 82 and 35506.
82
What is the greatest common divisor of 7 and 343?
7
What is the greatest common factor of 551 and 722?
19
What is the greatest common divisor of 5376 and 624?
48
What is the highest common factor of 57 and 323?
19
Calculate the highest common divisor of 15 and 33.
3
What is the highest common factor of 195 and 6915?
15
What is the highest common divisor of 133 and 6764?
19
What is the greatest common divisor of 328 and 1681?
41
What is the highest common divisor of 15794 and 212?
106
Calculate the highest common factor of 65 and 533.
13
Calculate the highest common factor of 62 and 59458.
62
Calculate the greatest common divisor of 4 and 28.
4
What is the greatest common divisor of 20 and 510?
10
What is the greatest common factor of 12 and 79656?
12
What is the highest common factor of 203 and 287?
7
What is the greatest common factor of 11 and 2189?
11
What is the greatest common factor of 74 and 3626?
74
Calculate the highest common divisor of 144 and 37872.
144
Calculate the highest common divisor of 186 and 7378.
62
What is the greatest common factor of 1924 and 24?
4
Calculate the highest common factor of 19 and 199.
1
What is the highest common factor of 265 and 10229?
53
Calculate the highest common divisor of 3 and 267.
3
What is the highest common factor of 918 and 1122?
102
What is the highest common divisor of 1375 and 375?
125
What is the highest common factor of 10 and 135?
5
Calculate the highest common factor of 742 and 14.
14
Calculate the greatest common divisor of 1400 and 2400.
200
Calculate the greatest common factor of 232 and 10034.
58
Calculate the greatest common divisor of 1235 and 65.
65
What is the highest common factor of 48 and 21144?
24
Calculate the greatest common divisor of 19161 and 36.
9
What is the greatest common divisor of 15 and 528?
3
Calculate the highest common divisor of 15 and 8105.
5
Calculate the highest common divisor of 18971 and 622.
311
Calculate the highest common divisor of 12 and 5532.
12
What is the highest common factor of 340 and 7055?
85
What is the highest common divisor of 225 and 475?
25
What is the greatest common factor of 13283 and 74?
37
Calculate the greatest common divisor of 102 and 2074.
34
What is the greatest common divisor of 15 and 1872?
3
What is the highest common divisor of 90 and 37935?
45
Calculate the greatest common divisor of 1870 and 330.
110
What is the greatest common factor of 162 and 7938?
162
What is the highest common divisor of 46 and 69?
23
What is the highest common factor of 19 and 76?
19
What is the greatest common factor of 24 and 732?
12
Calculate the greatest common factor of 18 and 558.
18
What is the greatest common factor of 6672 and 48?
48
What is the greatest common divisor of 170 and 51?
17
Calculate the highest common divisor of 6036 and 12.
12
Calculate the greatest common divisor of 1918 and 56.
14
Calculate the highest common divisor of 12 and 300.
12
What is the highest common factor of 70 and 10?
10
Calculate the greatest common divisor of 7 and 1316.
7
Calculate the greatest common factor of 4544 and 852.
284
Calculate the greatest common divisor of 200 and 8.
8
What is the highest common divisor of 10971 and 414?
207
Calculate the greatest common factor of 648 and 243.
81
Calculate the highest common factor of 85 and 68.
17
Calculate the highest common factor of 7 and 9.
1
What is the highest common factor of 1134 and 153?
9
Calculate the highest common factor of 747 and 9.
9
What is the highest common factor of 370 and 100?
10
What is the highest common factor of 3042 and 3718?
338
Calculate the greatest common factor of 65 and 25.
5
What is the greatest common divisor of 1157 and 52?
13
What is the highest common divisor of 184 and 192?
8
What is the greatest common divisor of 80 and 10?
10
Calculate the greatest common factor of 864 and 81.
27
What is the greatest common divisor of 4724 and 4?
4
Calculate the greatest common factor of 7 and 3633.
7
Calculate the highest common divisor of 9 and 19818.
9
Calculate the highest common factor of 1496 and 170.
34
What is the greatest common factor of 432 and 96?
48
What is the highest common divisor of 32 and 1376?
32
What is the highest common factor of 133 and 209?
19
Calculate the highest common divisor of 81 and 6048.
27
What is the highest common divisor of 39 and 10348?
13
Calculate the greatest common factor of 9 and 7.
1
Calculate the highest common divisor of 12357 and 18.
9
What is the highest common factor of 300 and 425?
25
Calculate the greatest common factor of 144 and 2493.
9
Calculate the highest common factor of 14 and 217.
7
Calculate the greatest common factor of 175 and 455.
35
Calculate the highest common factor of 94 and 18142.
94
What is the greatest common factor of 33 and 36?
3
Calculate the greatest common factor of 60 and 420.
60
What is the greatest common factor of 50 and 43850?
50
What is the greatest common divisor of 1470 and 126?
42
Calculate the highest common divisor of 135 and 15.
15
What is the highest common divisor of 28 and 1204?
28
What is the greatest common factor of 4 and 316?
4
What is the highest common factor of 10 and 502?
2
What is the highest common factor of 1075 and 275?
25
What is the highest common divisor of 204 and 1887?
51
What is the highest common factor of 28 and 392?
28
What is the highest common divisor of 1856 and 64?
64
What is the highest common factor of 227 and 49032?
227
What is the highest common divisor of 8008 and 22?
22
Calculate the greatest common factor of 125 and 4.
1
What is the greatest common divisor of 2976 and 32?
32
What is the highest common divisor of 1600 and 5?
5
What is the highest common factor of 1232 and 7?
7
Calculate the highest common factor of 484 and 121.
121
Calculate the highest common divisor of 192 an